 = -v**2 + 3*v + 7. Let l be j(4). Suppose 0 = 5*i - 0*i - 45. Calculate the remainder when -3 + -1 + l - -26 is divided by i.
7
Let k = -17 + 64. Let n = 16 + 21. Let j = n + -25. What is the remainder when k is divided by j?
11
Let a(j) = j**2 + 2*j + 2. Let k = -28 - -18. Let p(q) = -q**3 - 9*q**2 + 9*q - 9. What is the remainder when a(-2) is divided by p(k)?
0
Let f(c) = 20*c + 555. What is the remainder when 206 is divided by f(-26)?
31
Let g(w) = 24*w - 162. Calculate the remainder when 266 is divided by g(7).
2
Let a = 105 - 103. Suppose a*z = 7 + 35. Calculate the remainder when z is divided by 12.
9
Let k = -2875 - -5720. Calculate the remainder when k is divided by 13.
11
Suppose j = 11 - 6. Suppose 2*t = 9 + 45. Calculate the remainder when t is divided by j.
2
Let i(z) = z**2 - 14*z - 110. What is the remainder when i(22) is divided by 29?
8
Suppose 5*t + 444 = -291. Let v = t + 77. Let w = v + 110. What is the remainder when w is divided by 21?
19
Let o = 3 + -4. Suppose -2*z + 14 = -72. What is the remainder when z is divided by (-15)/(-1 - o - 1)?
13
Let o(w) = 2*w**3 + 11*w**2 + 8*w + 4. Let g = 18 - 11. Calculate the remainder when o(-4) is divided by g.
6
Let n(x) = -x + 15. Calculate the remainder when 52 is divided by n(-13).
24
Let m(v) = 2*v + 102. Calculate the remainder when 81 is divided by m(-48).
3
Suppose -x = 3*g + 1 - 4, 4*g + 5*x = -7. Suppose 2*o + 5 = -g*b + 13, 2*b = -3*o + 10. What is the remainder when 5 is divided by o?
1
Suppose -5*d - 5 = -40. Suppose -4*c + d*x - 2*x = -43, 3*c - 26 = 5*x. Suppose u - 1 = -3, -2*u = 3*a - 23. What is the remainder when c is divided by a?
8
Suppose 0 = -5*x + 5*z + 90, 2*x - 8*z - 36 = -4*z. Suppose 0*d + x = d. Calculate the remainder when d is divided by (12/(-10))/(24/(-80)).
2
Let q = 75 + -77. Let s(i) = -5*i - 1. Calculate the remainder when 24 is divided by s(q).
6
Let g(c) be the third derivative of 1/24*c**4 + 2/3*c**3 + 0 + 0*c - c**2. What is the remainder when g(9) is divided by 5?
3
Let n(a) = a**2 - 10*a + 14. Suppose -15*u = -6*u - 486. Calculate the remainder when u is divided by n(10).
12
Let d(g) = 2*g**2 + 6*g. Suppose 0 = 5*z + 4 + 21. What is the remainder when 55 is divided by d(z)?
15
Let y = -374 + 580. Let b = y - 140. Calculate the remainder when b is divided by 18.
12
What is the remainder when 67 is divided by (-1)/(5/(-2) - -2) - -12?
11
What is the remainder when 153 is divided by (-2 + -5 + 9)/((-3)/(-30))?
13
Suppose -7*s + s = -84. Calculate the remainder when 25 is divided by s.
11
Suppose l = -3*l - 12. Let n = 59 + 43. Calculate the remainder when 31 is divided by (n/(-9))/(2/l).
14
Suppose 4*z + 5*x + 70 = 0, -3*x + 43 = 4*z + 109. Let l(t) = t**2 + 13*t - 4. Calculate the remainder when 51 is divided by l(z).
25
Suppose -u + 2 - 6 = 5*n, -4 = -u + 3*n. Suppose 4*l - 170 = 2*g, -3*l - 3*g + 155 = g. What is the remainder when l is divided by (2 + 1 - -20)*u?
22
Let l(s) = s**3 - 12*s**2 - 31*s + 501. Calculate the remainder when 253 is divided by l(11).
19
Let f(q) = -q**2 - 6*q + 7. Let h be 2/12 + 3/(-18). Suppose -5*p + 10*p + 25 = h. Calculate the remainder when 57 is divided by f(p).
9
Let h(z) = -5*z**3 + 5*z**3 - 3*z**2 - 7*z**2 - z**3 - 8 + 10*z. Let a be h(-11). Suppose 24 = a*m - 12. Calculate the remainder when 23 is divided by m.
11
Let v(x) = x**2 - 11*x + 4. Let h be v(11). Suppose -14 = -h*n + 10. Calculate the remainder when 21 is divided by n.
3
Let x(u) = 58*u**3 + 2*u - 1. Let w be x(1). Let h(p) = 17 - 25*p**2 + w*p**2 - 33*p**2. Calculate the remainder when h(0) is divided by 5.
2
Let b be (2 + -4 + -222)*-7. Suppose -2*g + 0*g = -b. Calculate the remainder when g/24 + 4/(-6) is divided by 11.
10
Let r(n) = 0 + 17*n - 14*n + 2. Let s be r(-2). What is the remainder when 53 is divided by 21/s*24/(-9)?
11
Let a be ((-4)/10)/(1/(-10)). What is the remainder when 173 is divided by (6 + -1)/((a/7)/4)?
33
Let f be (8/(-1)*1)/(-1). Suppose -8*q + 4*q = f. Let x = q - -13. Calculate the remainder when 20 is divided by x.
9
Suppose -4*o = 2*o - 1428. What is the remainder when o is divided by 16?
14
Calculate the remainder when 474 is divided by (1/3)/(-7 - 2360/(-336)).
12
Let n(u) = -135*u - 95. What is the remainder when 186 is divided by n(-1)?
26
Suppose 6*w - 236 = 100. Let g = 71 - w. Calculate the remainder when 99 is divided by g.
9
Suppose 0*d = 3*d + 33. Suppose -4*s = -5*s - 14. Let f = d - s. What is the remainder when 7 is divided by f?
1
Let w = 154 - 34. Suppose -6*c + 78 + w = 0. Calculate the remainder when c is divided by 6.
3
Let x(h) = h**3 + 10*h**2 + 20*h + 9. Calculate the remainder when 35 is divided by x(-7).
3
Let p(h) = h**3 - 6*h**2 + h + 3. Suppose -2*c - y - 1 = 0, -11 = -c + 4*y + 2. What is the remainder when p(6) is divided by c?
0
Let s = 401 - 213. Calculate the remainder when s is divided by 67.
54
Let w = 231 - 210. What is the remainder when w is divided by 11?
10
Let t = -4347 + 4362. Suppose 0 = -a + 9. Calculate the remainder when t is divided by a.
6
Let x = 60 - 38. Suppose -2 - 2 = -2*c. Suppose 0 = 5*z + c*z - 455. What is the remainder when z is divided by x?
21
Let v = -10 - -19. Let w be 9/6*138/v. Let r = w - 14. Calculate the remainder when r is divided by 3.
0
Suppose w - v - 21 = 0, -5*w = -v + 3*v - 70. Suppose -6 = -3*j + 6. Calculate the remainder when w is divided by j.
0
Let q = -26 - -32. Suppose -5*s + 4*k = -15, -q = -2*s - k - 0. Calculate the remainder when 7 is divided by s.
1
Suppose -3*f + 0*f + 234 = 0. Suppose 5*x = 2*t - 54, -2*t + 2*x - 3*x = -f. Calculate the remainder when t is divided by 2 + (2 + 20)/2.
11
Let z(y) = y**3 + 24*y**2 + 14*y - 29. Let c be z(-23). Calculate the remainder when 99 is divided by (c/20 - (-2)/(-5))*4.
31
Suppose a - 133 = -2*p, 3*a + 48 + 81 = 2*p. Let k = 95 - p. Calculate the remainder when 112 is divided by k.
25
Let w = 208 - 205. What is the remainder when 13 is divided by w?
1
Let x be 1/(-3) + (-920)/(-24). Suppose 0 = z + z - x. Let a = -78 - -114. What is the remainder when a is divided by z?
17
Let x(l) = -2*l**2 + 19*l. Calculate the remainder when 224 is divided by x(9).
8
Let o(w) be the first derivative of -3*w**4/2 - w**3/3 - w**2 + w + 6. Let j be o(-2). Let f = -10 + j. Calculate the remainder when f is divided by 14.
11
Suppose 3*o - 10 = -2*o. Suppose o*r + 66 = l, 4*l - 3*r - 204 = l. Let q = 33 - 9. What is the remainder when l is divided by q?
22
Let s(u) = 2*u**3 - 33*u**2 - 5*u + 59. Calculate the remainder when s(17) is divided by 11.
10
Suppose 4*o = -16, 26 = 5*c - 3*c - 2*o. Let m = -17 + 20. Suppose -m*z - 4*a - 12 = -z, -3*z + 2 = 2*a. What is the remainder when c is divided by z?
1
Let k(i) = 11*i**3 + 2*i. Suppose -3*q = 4*y - 132, y + 200 = 6*y - 5*q. Calculate the remainder when y is divided by k(1).
10
Suppose 0 = 28*m - 23*m - 105. Let q = -19 + m. Calculate the remainder when q is divided by 2.
0
Let k(n) = n**3 - 30*n**2 - 96*n + 39. What is the remainder when k(33) is divided by 53?
32
Suppose -110 = -2*r - 3*h, 3*h + 0*h + 165 = 3*r. Let k = -1 - -3. Suppose -6 = -3*v, -3*c - k*c - 2*v = -74. Calculate the remainder when r is divided by c.
13
Suppose 188 = 33*j - 29*j - 2*l, -3*l = 3*j - 123. Calculate the remainder when 267 is divided by j.
42
Suppose 0 = 14*j - 15*j + 10. Calculate the remainder when 587 is divided by j.
7
Suppose -5180 + 1542 = -17*z. What is the remainder when z is divided by 54?
52
Let o = 303 + -251. What is the remainder when 117 is divided by o?
13
Let g = -21 + 15. Let x be (-250)/g + (-2)/3. Let d = -21 + x. Calculate the remainder when 57 is divided by d.
17
Suppose 0 = -90*x + 291 + 69. Let o = 7 + 1. What is the remainder when o is divided by x?
0
Suppose 2*s + 12 = 3*j, -25 = -4*j - j + 5*s. Suppose 8*q - 426 = j*q. What is the remainder when q is divided by 38?
33
Suppose 4*g = -r + 2 + 12, 2*g = 2*r + 12. Suppose 5*n + 5 = 25, 0 = g*p - 2*n. Suppose p*v - 6 = 8. Calculate the remainder when 41 is divided by v.
6
Calculate the remainder when 51 - -380 - (1 + -6) is divided by 40.
36
Let r(f) = -f**2 - 5*f + 2. Suppose 4*i = n + 22, 4*n + 136*i - 137*i = 32. Calculate the remainder when n is divided by r(-5).
0
Suppose 0 = 4*q + 1652 - 1700. What is 